{"id":257,"date":"2022-10-27T14:17:09","date_gmt":"2022-10-27T12:17:09","guid":{"rendered":"https:\/\/somare.fr\/?page_id=257"},"modified":"2023-01-05T16:42:57","modified_gmt":"2023-01-05T15:42:57","slug":"politique-de-confidentialite-et-gestions-des-cookies","status":"publish","type":"page","link":"https:\/\/somare.fr\/index.php\/politique-de-confidentialite-et-gestions-des-cookies\/","title":{"rendered":"Politique de confidentialit\u00e9 et gestions des cookies"},"content":{"rendered":"\t\t<div data-elementor-type=\"wp-page\" data-elementor-id=\"257\" class=\"elementor elementor-257\" data-elementor-settings=\"{&quot;ha_cmc_init_switcher&quot;:&quot;no&quot;}\">\n\t\t\t\t\t\t<section class=\"elementor-section elementor-top-section elementor-element elementor-element-6a84dd0 elementor-section-boxed elementor-section-height-default elementor-section-height-default\" data-id=\"6a84dd0\" data-element_type=\"section\" data-e-type=\"section\" data-settings=\"{&quot;_ha_eqh_enable&quot;:false}\">\n\t\t\t\t\t\t<div class=\"elementor-container elementor-column-gap-default\">\n\t\t\t\t\t<div class=\"elementor-column elementor-col-100 elementor-top-column elementor-element elementor-element-c720e26\" data-id=\"c720e26\" data-element_type=\"column\" data-e-type=\"column\">\n\t\t\t<div class=\"elementor-widget-wrap elementor-element-populated\">\n\t\t\t\t\t\t<div class=\"elementor-element elementor-element-2b506c7 elementor-widget elementor-widget-heading\" data-id=\"2b506c7\" data-element_type=\"widget\" data-e-type=\"widget\" data-widget_type=\"heading.default\">\n\t\t\t\t<div class=\"elementor-widget-container\">\n\t\t\t\t\t<h1 class=\"elementor-heading-title elementor-size-default\"><h1 data-elementor-setting-key=\"title\" data-lt-tmp-id=\"lt-702669\" data-gramm=\"false\" data-pen-placeholder=\"\u00c9crivez ici...\" style=\"font-family: Mitr, sans-serif;font-weight: 600;font-size: 50px\">Politique de confidentialit\u00e9<\/h1><\/h1>\t\t\t\t<\/div>\n\t\t\t\t<\/div>\n\t\t\t\t\t<\/div>\n\t\t<\/div>\n\t\t\t\t\t<\/div>\n\t\t<\/section>\n\t\t\t\t<section class=\"elementor-section elementor-top-section elementor-element elementor-element-2fd6286 elementor-section-boxed elementor-section-height-default elementor-section-height-default\" data-id=\"2fd6286\" data-element_type=\"section\" data-e-type=\"section\" data-settings=\"{&quot;_ha_eqh_enable&quot;:false}\">\n\t\t\t\t\t\t<div class=\"elementor-container elementor-column-gap-default\">\n\t\t\t\t\t<div class=\"elementor-column elementor-col-100 elementor-top-column elementor-element elementor-element-6c0dafa\" data-id=\"6c0dafa\" data-element_type=\"column\" data-e-type=\"column\">\n\t\t\t<div class=\"elementor-widget-wrap elementor-element-populated\">\n\t\t\t\t\t\t<div class=\"elementor-element elementor-element-4e6c256 elementor-widget-divider--view-line_text elementor-widget-divider--element-align-center elementor-widget elementor-widget-divider\" data-id=\"4e6c256\" data-element_type=\"widget\" data-e-type=\"widget\" data-widget_type=\"divider.default\">\n\t\t\t\t<div class=\"elementor-widget-container\">\n\t\t\t\t\t\t\t<div class=\"elementor-divider\">\n\t\t\t<span class=\"elementor-divider-separator\">\n\t\t\t\t\t\t\t<h2 class=\"elementor-divider__text elementor-divider__element\">\n\t\t\t\t<h2 class=\"elementor-inline-editing elementor-divider__text elementor-divider__element pen\" data-elementor-setting-key=\"text\" data-pen-placeholder=\"\u00c9crivez ici...\" data-lt-tmp-id=\"lt-176972\" spellcheck=\"false\" data-gramm=\"false\" style=\"margin: 0 var(--divider-element-spacing); font-family: Mitr, sans-serif; font-weight: 500; font-size: 1.5em; outline-style: initial; outline-width: 0px; text-transform: uppercase;\">POLITIQUE DE CONFIDENTIALIT\u00c9 ET GESTION DES COOKIES<\/h2>\t\t\t\t<\/h2>\n\t\t\t\t\t\t<\/span>\n\t\t<\/div>\n\t\t\t\t\t\t<\/div>\n\t\t\t\t<\/div>\n\t\t\t\t\t<\/div>\n\t\t<\/div>\n\t\t\t\t\t<\/div>\n\t\t<\/section>\n\t\t\t\t<section class=\"elementor-section elementor-top-section elementor-element elementor-element-b4602cb elementor-section-boxed elementor-section-height-default elementor-section-height-default\" data-id=\"b4602cb\" data-element_type=\"section\" data-e-type=\"section\" data-settings=\"{&quot;_ha_eqh_enable&quot;:false}\">\n\t\t\t\t\t\t<div class=\"elementor-container elementor-column-gap-default\">\n\t\t\t\t\t<div class=\"elementor-column elementor-col-100 elementor-top-column elementor-element elementor-element-c131001\" data-id=\"c131001\" data-element_type=\"column\" data-e-type=\"column\">\n\t\t\t<div class=\"elementor-widget-wrap elementor-element-populated\">\n\t\t\t\t\t\t<div class=\"elementor-element elementor-element-7ad1fd2 elementor-widget elementor-widget-text-editor\" data-id=\"7ad1fd2\" data-element_type=\"widget\" data-e-type=\"widget\" data-widget_type=\"text-editor.default\">\n\t\t\t\t<div class=\"elementor-widget-container\">\n\t\t\t\t\t\t\t\t\t<h2>Politique de protection des donn\u00e9es personnelles<\/h2>\n<p>La pr\u00e9sente politique de confidentialit\u00e9 d\u00e9finit et vous informe de la mani\u00e8re dont NKS-Dezign utilise et prot\u00e8ge les informations que vous nous transmettez, le cas \u00e9ch\u00e9ant, lorsque vous utilisez le pr\u00e9sent site accessible \u00e0 partir de l\u2019URL suivante :&nbsp;<a href=\"https:\/\/somare.fr\/\">https:\/\/somare.fr<\/a>&nbsp;<\/p>\n<p>Le r\u00e8glement g\u00e9n\u00e9ral de protection des donn\u00e9es (RGPD) est un texte r\u00e9glementaire europ\u00e9en qui encadre le traitement des donn\u00e9es de mani\u00e8re \u00e9galitaire sur tout le territoire de l\u2019Union Europ\u00e9enne. Il est entr\u00e9 en application le 25 mai 2018.<\/p>\n<p>Le RGPD s\u2019inscrit dans la continuit\u00e9 de la&nbsp;<a href=\"https:\/\/www.legifrance.gouv.fr\/affichTexte.do?cidTexte=JORFTEXT000000886460\" target=\"_blank\" rel=\"noopener noreferrer\"><u>Loi fran\u00e7aise&nbsp;Informatique et Libert\u00e9s&nbsp;de 1978<\/u><\/a>&nbsp;\u00e9tablissant des r\u00e8gles sur la collecte et l\u2019utilisation des donn\u00e9es sur le territoire fran\u00e7ais. Il a \u00e9t\u00e9 con\u00e7u autour de 3 objectifs&nbsp;:<\/p>\n<ul>\n<li><strong>renforcer les droits des personnes<\/strong><\/li>\n<li><strong>responsabiliser les acteurs traitant des donn\u00e9es<\/strong><\/li>\n<li><strong>cr\u00e9dibiliser la r\u00e9gulation<\/strong>&nbsp;gr\u00e2ce \u00e0 une coop\u00e9ration renforc\u00e9e entre les autorit\u00e9s de protection des donn\u00e9es.<\/li>\n<\/ul>\n<p>Cette politique de confidentialit\u00e9 est susceptible d\u2019\u00eatre modifi\u00e9e ou compl\u00e9t\u00e9e \u00e0 tout moment par&nbsp;<span style=\"font-size: 14.4px;\">Les glaces de rom<\/span>, notamment en vue de se conformer \u00e0 toute \u00e9volution l\u00e9gislative, r\u00e9glementaire, jurisprudentielle ou technologique. Dans un tel cas, la date de sa mise \u00e0 jour sera clairement identifi\u00e9e en t\u00eate de la pr\u00e9sente politique. Ces modifications engagent l\u2019Utilisateur d\u00e8s leur mise en ligne. Il convient par cons\u00e9quent que l\u2019Utilisateur consulte r\u00e9guli\u00e8rement la pr\u00e9sente politique de confidentialit\u00e9 et d\u2019utilisation des cookies afin de prendre connaissance de ses \u00e9ventuelles modifications.<\/p>\n<p>NKS-Dezign s\u2019engage \u00e0 respecter votre vie priv\u00e9e et \u00e0 prot\u00e9ger les informations que vous lui communiquez. En particulier, les donn\u00e9es personnelles collect\u00e9es sur le site Internet www.somare.fr sont destin\u00e9es \u00e0 l\u2019usage de SOMARE et de ses filiales. Elles sont confidentielles et trait\u00e9es comme telles.<\/p>\n<h3>1. Objectif du traitement des donn\u00e9es&nbsp;<\/h3>\n<p>Le recueil des donn\u00e9es sur le site&nbsp;<span style=\"font-size: 14.4px;\">www.somare.fr<\/span>&nbsp;est n\u00e9cessaire pour contacter et\/ou proposer des contenus pertinents et de qualit\u00e9s. Ces donn\u00e9es sont utilis\u00e9es \u00e0 des fins statistiques et commerciales pour optimiser et affiner notre proposition de contenu. Nous formulaires ont pour objectif : demande de contact, demande de ressources (livre blanc, ebook, infographie), inscription \u00e0 des \u00e9v\u00e9nements (virtuels, pr\u00e9sentiels), demande d&#8217;emploi, inscription \u00e0 une newsletter.&nbsp;<\/p>\n<p>Conform\u00e9ment \u00e0&nbsp;<strong>la loi informatique et libert\u00e9s de 1978<\/strong>&nbsp;, les informations relevant des origines raciales ou ethniques, des opinions politiques, philosophiques ou religieuses, de l\u2019appartenance syndicale, de la sant\u00e9 ou de la vie sexuelle d\u2019une personne ne sont pas collect\u00e9es et sont interdites. Afin de suivre au mieux l\u2019int\u00e9r\u00eat port\u00e9 par nos prospects, nos clients et nos candidats, toutes les informations des visiteurs du site www.cafefrappe.fr relatives \u00e0 l\u2019identit\u00e9, informations professionnelles et son activit\u00e9 sur le site&nbsp;<span style=\"font-size: 14.4px;\">www.somare.fr<\/span>&nbsp;sont r\u00e9colt\u00e9es afin de proposer des produits et services toujours plus adapt\u00e9s.&nbsp;<\/p>\n<p>Ces informations sont destin\u00e9es \u00e0 SOMARE et pourront \u00e9galement \u00eatre utilis\u00e9es dans le cadre d\u2019op\u00e9rations commerciales ou marketing, ou servir de base \u00e0 des \u00e9tudes et analyses. Ces informations ne seront en aucun cas communiqu\u00e9es \u00e0 des tiers.<\/p>\n<h3>2. Donn\u00e9es statistiques de suivi<\/h3>\n<h4>2.1 Lic\u00e9it\u00e9 du traitement et conditions applicables au consentement (Art 6 et 7 du RGPD)<\/h4>\n<p>Nous utilisons vos donn\u00e9es pour nos statistiques de consultation (type de navigateur, nombre de visiteurs, rubriques visit\u00e9es\u2026) pour l\u2019optimisation de notre site en terme de rubriques et de navigation, mais ces informations ne sont pas transmises \u00e0 des tiers. Vos donn\u00e9es sont \u00e9galement utilis\u00e9es \u00e0 des fins marketing pour vous proposer des solutions adapt\u00e9es \u00e0 votre besoin, votre secteur d&rsquo;activit\u00e9s, votre demande. Le consentement du traitement de donn\u00e9es \u00e0 caract\u00e8re personnel d\u2019un visiteur est syst\u00e9matiquement obtenu pour une ou plusieurs finalit\u00e9s sp\u00e9cifiques. Par exemple, lors de la saisie d\u2019un formulaire d\u2019inscription \u00e0 un webinar ou de t\u00e9l\u00e9chargement d\u2019une livre blanc ou d\u2019une infographie, l\u2019obtention de l\u2019adresse email du visiteur a pour but de lui adresser une notification lors de nouvelles publications ou de lui proposer des ressources susceptibles de l\u2019int\u00e9resser.<\/p>\n<h4>2.2 Conservation des donn\u00e9es&nbsp;<\/h4>\n<p>Les donn\u00e9es recueillies sur le site www.somare.fr sont conserv\u00e9es pour une dur\u00e9e maximale de 12 mois pour les contacts anonymes, apr\u00e8s la derni\u00e8re activit\u00e9 sur le site web par la personne. En revanche, pour les contacts identifi\u00e9s hors recrutement, les donn\u00e9es recueillies sur le site www.somare.fr&nbsp;sont conserv\u00e9es pour une dur\u00e9e maximale de 36 mois. \u00c0 l\u2019issue de ces p\u00e9riodes, toutes les donn\u00e9es relatives \u00e0 la personne seront automatiquement supprim\u00e9es. En mati\u00e8re de recrutement sauf demande contraire de votre part, Lesglacesderom pourra conserver pendant un certain temps vos donn\u00e9es personnelles dans ses dossiers pour \u00e9ventuellement vous contacter dans le futur pour d\u2019autres opportunit\u00e9s d\u2019emploi.<\/p>\n<h2>Politique de gestion des cookies<\/h2>\n<p>Les cookies du site ne contiennent pas de donn\u00e9es permettant de vous identifier personnellement, et ils sont con\u00e7us pour \u00eatre utilis\u00e9s uniquement par SOMARE.<\/p>\n<p>Nous utilisons notamment la technologie des cookies.<\/p>\n<h4>\u2022 Qu\u2019est ce qu\u2019un \u00ab cookie \u00bb ?<\/h4>\n<p>Il s\u2019agit d\u2019une m\u00e9canique classique des technologies Internet que&nbsp;<span style=\"font-size: 14.4px;\">SOMARE<\/span>&nbsp;utilise de fa\u00e7on standard. Les cookies sont des fichiers de texte informatifs que votre navigateur Internet place sur votre ordinateur lorsque vous visitez un site web. La plupart des navigateurs acceptent automatiquement les cookies, mais peuvent \u00eatre configur\u00e9s de mani\u00e8re \u00e0 ne pas les accepter ou \u00e0 signaler lorsqu\u2019un cookie est envoy\u00e9.<\/p>\n<h4>\u2022 A quoi servent les \u00ab cookies \u00bb d\u2019une fa\u00e7on g\u00e9n\u00e9rale ?<\/h4>\n<ol>\n<li>La premi\u00e8re est de \u00bb maintenir l\u2019\u00e9tat d\u2019une application \u00ab . Cela signifie que chaque fois que vous revenez dans un site, vous commencez l\u00e0 o\u00f9 vous l\u2019aviez quitt\u00e9 la fois pr\u00e9c\u00e9dente.<\/li>\n<li>La seconde fonction est de suivre votre trajet dans le site. Le \u00ab cookie \u00bb enregistre votre parcours dans le site ou les pages les plus fr\u00e9quent\u00e9es. Cela permet aux responsables du site de l\u2019optimiser en fonction des centres d\u2019int\u00e9r\u00eats des visiteurs. On pourrait penser que la connaissance de votre parcours \u2013 le fournisseur peut dresser un profil de vos habitudes particuli\u00e8res \u2013 est une intrusion malvenue dans votre vie priv\u00e9e. Cependant, n\u2019oubliez pas qu\u2019aucune donn\u00e9e personnelle identifiable n\u2019est enregistr\u00e9e dans un cookie.<\/li>\n<li>La troisi\u00e8me est la reconnaissance de donn\u00e9es personnelles que vous avez pr\u00e9alablement rentr\u00e9es dans le site qui permet de vous orienter dans le site et de personnaliser les pages. Cette fonction est utilis\u00e9e dans ce site dans les rubriques d\u00e9crites \u00e0 la question \u00ab Quel est l\u2019usage des \u00ab cookies \u00bb sur ce site \u00bb. Ces informations ne sont pas enregistr\u00e9es dans le cookie et ne peuvent \u00eatre utilis\u00e9es par un tiers.<\/li>\n<\/ol>\n<p>Pour plus d\u2019information sur les cookies, vous pouvez vous rendre sur le site de la CNIL, \u00e0 cette adresse :&nbsp;<a href=\"https:\/\/www.cnil.fr\/vos-droits\/vos-traces\/les-cookies\/\" target=\"_blank\" rel=\"noopener noreferrer\"><u>https:\/\/www.cnil.fr\/vos-droits\/vos-traces\/les-cookies\/<\/u><\/a><\/p>\n<h4>\u2022 Dois-je supprimer les \u00ab cookies \u00bb ?<\/h4>\n<p>Encore une fois, c\u2019est \u00e0 vous de d\u00e9cider. Si vous pensez que les \u00ab cookies \u00bb sont une intrusion dans votre vie priv\u00e9e, supprimez-les. Cependant nous ne le recommandons pas. Cela diminuera la facilit\u00e9 d\u2019acc\u00e8s \u00e0 des informations utiles et personnalis\u00e9es lors de visites ult\u00e9rieures.<\/p>\n<h4>\u2022 Comment supprimer des cookies ?<\/h4>\n<p>Allez dans votre dossier cookies, normalement appel\u00e9 \u00ab cookies \u00bb sur votre disque dur (c :\\windows\\cookies par exemple), les s\u00e9lectionner et les supprimer comme tout autre fichier. Le param\u00e9trage de votre logiciel de navigation vous permet d\u2019\u00eatre inform\u00e9 de la pr\u00e9sence du cookie et de le refuser en intervenant sur votre navigateur. Selon sa nature et sa version, la proc\u00e9dure varie de l\u2019un \u00e0 l\u2019autre.<\/p>\n<ul>\n<li>\n<h5>Vos choix concernant les cookies&nbsp;<\/h5>\n<\/li>\n<\/ul>\n<p>Vous pouvez configurer votre logiciel de navigation de mani\u00e8re \u00e0 ce que des cookies soient enregistr\u00e9s dans votre terminal ou, au contraire, qu\u2019ils soient rejet\u00e9s, soit syst\u00e9matiquement, soit selon leur \u00e9metteur. Vous pouvez \u00e9galement configurer votre logiciel de navigation de mani\u00e8re \u00e0 ce que l\u2019acceptation ou le refus des cookies vous soient propos\u00e9s ponctuellement, avant qu\u2019un cookie soit susceptible d\u2019\u00eatre enregistr\u00e9 dans votre terminal. Nous vous informons que si votre navigateur est configur\u00e9 de mani\u00e8re \u00e0 refuser tous les cookies, vous ne pourrez pas effectuer de r\u00e9servation ou profiter de fonctions essentielles de notre site. Nous vous invitons \u00e0 param\u00e9trer votre navigateur au mieux. La configuration de chaque navigateur est diff\u00e9rente.<\/p>\n<p>Param\u00e9trage de votre navigateur :<\/p>\n<p>\u2013 Pour Chrome :&nbsp;<a href=\"https:\/\/support.google.com\/chrome\/answer\/95647?hl=fr&amp;hlrm=en\" target=\"_blank\" rel=\"noopener noreferrer\"><u>https:\/\/support.google.com\/chrome\/answer\/95647?hl=fr&amp;hlrm=en<\/u><\/a><\/p>\n<p>\u2013 Pour Internet Explorer :&nbsp;<a href=\"https:\/\/windows.microsoft.com\/fr-FR\/windows-vista\/Block-or-allow-Cookies\" target=\"_blank\" rel=\"noopener noreferrer\"><u>https:\/\/windows.microsoft.com\/fr-FR\/windows-vista\/Block-or-allow-Cookies<\/u><\/a><\/p>\n<p>\u2013 Pour FireFox :&nbsp;<a href=\"https:\/\/support.mozilla.org\/fr\/kb\/cookies-informations-sites-enregistrent?redirectlocale=fr&amp;redirectslug=G%C3%A9rer+les+cookies\" target=\"_blank\" rel=\"noopener noreferrer\"><u>https:\/\/support.mozilla.org\/fr\/kb\/cookies-informations-sites-enregistrent?redirectlocale=fr&amp;redirectslug=G%C3%A9rer+les+cookies<\/u><\/a><\/p>\n<p>\u2013 Pour Op\u00e9ra :&nbsp;<a href=\"http:\/\/help.opera.com\/Windows\/10.20\/fr\/cookies.html\" target=\"_blank\" rel=\"noopener noreferrer\"><u>http:\/\/help.opera.com\/Windows\/10.20\/fr\/cookies.html<\/u><\/a><\/p>\n<p>Vous pouvez vous connecter au site Youronlinechoices, propos\u00e9 par les professionnels de la publicit\u00e9 digitale regroup\u00e9s au sein de l&rsquo;Alliance europ\u00e9enne de la publicit\u00e9 num\u00e9rique (EDAA) et g\u00e9r\u00e9 en France par l&rsquo;Interactive Advertising Bureau France. Cette plateforme europ\u00e9enne est partag\u00e9e par des centaines de professionnels de la publicit\u00e9 sur Internet et constitue une interface centralis\u00e9e vous permettant d&rsquo;exprimer votre refus ou votre acceptation des cookies utilis\u00e9s pour adapter les publicit\u00e9s \u00e0 la navigation de votre terminal. Par ailleurs, les plateformes suivantes : Plateforme opt-out de l&rsquo;IAB, Plateforme opt-out de la Network Advertising Initiative, Plateforme de la Digital Advertising Alliance, vous permettent \u00e9galement d&rsquo;exprimer vos choix aupr\u00e8s de l&rsquo;ensemble des acteurs int\u00e9gr\u00e9s \u00e0 ces plateformes.<\/p>\n<h4>\u2022 Quel est l\u2019usage des \u00ab cookies \u00bb sur ce site ?<\/h4>\n<p>Dans le site : \u2013 un cookie est utilis\u00e9 de fa\u00e7on \u00e0 vous permettre, une fois que vous vous \u00eates identifi\u00e9, de pouvoir naviguer dans les autres rubriques du site et de revenir sur une partie sans avoir \u00e0 vous identifier de nouveau. \u2013 de m\u00eame un cookie est utilis\u00e9 pour pouvoir enregistrer les diff\u00e9rentes actions que vous pouvez faire sur le site (utilisation de votre bo\u00eete \u00e0 recettes, participation \u00e0 un jeu \u2026). Encore une fois, ceci n\u2019a qu\u2019un but de suivi statistique et d\u2019analyse de fr\u00e9quentations des services que nous proposons.-<\/p>\n<p>&#8211;&nbsp;<strong>Google<\/strong>&nbsp;:&nbsp;Ce site utilise des cookies de mesure d\u2019audience Google afin de mesurer l\u2019efficacit\u00e9 de ces campagnes et d&rsquo;analyser le fonctionnement du site.<\/p>\n<p>Pour les cookies d\u00e9pos\u00e9s par Google Analytics :&nbsp;<a href=\"https:\/\/support.google.com\/analytics\/answer\/181881\" target=\"_blank\" rel=\"noopener noreferrer\"><strong><u>https:\/\/support.google.com\/analytics\/answer\/181881<\/u><\/strong><\/a><\/p>\n<p>\u2013&nbsp;<strong>Linkedin<\/strong>&nbsp;: Ce site utilise des cookies publicitaires et de mesure d\u2019audience Linkedin afin d\u2019afficher des annonces publicitaires personnalis\u00e9es (ciblage et reciblage publicitaire), mesurer l\u2019efficacit\u00e9 de ces campagnes et analyser le fonctionnement du site.<\/p>\n<p>Pour les cookies d\u00e9pos\u00e9s par Linkedin :&nbsp;<strong><u>https:\/\/fr.linkedin.com\/legal\/privacy-policy<\/u><\/strong><\/p>\n<p>\u2013<strong>&nbsp;Liens externes<\/strong>&nbsp;:<strong>&nbsp;<\/strong>le site www.somare.fr&nbsp;pointe vers de nombreux autres sites web. SOAMRE ne peut en aucun cas \u00eatre tenu pour responsable des contenus et politique de confidentialit\u00e9 de ces sites. SOMARE ne saurait non plus \u00eatre tenu pour responsable d\u2019\u00e9ventuels dommages directs ou indirects qui d\u00e9couleraient de leur utilisation : en particulier de l\u2019acc\u00e8s \u00e0 ces sites et aux sites li\u00e9s \u00e0 ces sites, et des dommages, non limitatifs, pr\u00e9judices financier ou commercial, perte d\u2019exploitation, perte de donn\u00e9es, et cela m\u00eame si nous avons pu en \u00eatre avis\u00e9 pr\u00e9alablement.<\/p>\t\t\t\t\t\t\t\t<\/div>\n\t\t\t\t<\/div>\n\t\t\t\t\t<\/div>\n\t\t<\/div>\n\t\t\t\t\t<\/div>\n\t\t<\/section>\n\t\t\t\t<\/div>\n\t\t","protected":false},"excerpt":{"rendered":"<p>Politique de confidentialit\u00e9 POLITIQUE DE CONFIDENTIALIT\u00c9 ET GESTION DES COOKIES Politique de protection des donn\u00e9es personnelles La pr\u00e9sente politique de confidentialit\u00e9 d\u00e9finit et vous informe de la mani\u00e8re dont NKS-Dezign utilise et prot\u00e8ge les informations que vous nous transmettez, le cas \u00e9ch\u00e9ant, lorsque vous utilisez le pr\u00e9sent site accessible \u00e0 partir de l\u2019URL suivante :&nbsp;https:\/\/somare.fr&nbsp; [&hellip;]<\/p>\n","protected":false},"author":1,"featured_media":0,"parent":0,"menu_order":0,"comment_status":"closed","ping_status":"closed","template":"elementor_header_footer","meta":{"footnotes":""},"class_list":["post-257","page","type-page","status-publish","hentry"],"aioseo_notices":[],"_links":{"self":[{"href":"https:\/\/somare.fr\/index.php\/wp-json\/wp\/v2\/pages\/257","targetHints":{"allow":["GET"]}}],"collection":[{"href":"https:\/\/somare.fr\/index.php\/wp-json\/wp\/v2\/pages"}],"about":[{"href":"https:\/\/somare.fr\/index.php\/wp-json\/wp\/v2\/types\/page"}],"author":[{"embeddable":true,"href":"https:\/\/somare.fr\/index.php\/wp-json\/wp\/v2\/users\/1"}],"replies":[{"embeddable":true,"href":"https:\/\/somare.fr\/index.php\/wp-json\/wp\/v2\/comments?post=257"}],"version-history":[{"count":13,"href":"https:\/\/somare.fr\/index.php\/wp-json\/wp\/v2\/pages\/257\/revisions"}],"predecessor-version":[{"id":2300,"href":"https:\/\/somare.fr\/index.php\/wp-json\/wp\/v2\/pages\/257\/revisions\/2300"}],"wp:attachment":[{"href":"https:\/\/somare.fr\/index.php\/wp-json\/wp\/v2\/media?parent=257"}],"curies":[{"name":"wp","href":"https:\/\/api.w.org\/{rel}","templated":true}]}}